?
23
Suppose 11907 = -103*x + 184*x. Calculate the remainder when 154 is divided by x.
7
Suppose 4*l + 13 = 17. Calculate the remainder when (l - 6) + 4 + 204 is divided by 41.
39
Suppose -2*n + 361 = o - 374, -n = 3*o - 365. What is the remainder when 1496 is divided by n?
24
Let h = 23676 - 13385. What is the remainder when h is divided by 22?
17
Suppose 328 - 18 = 5*s. Let w be 3/7 + 8151/91. Suppose n + 3*n = -2*b + w, 0 = 4*n + b - 87. Calculate the remainder when s is divided by n.
20
Suppose 409 = 5*u + u - 419. What is the remainder when 4966 is divided by u?
136
Let c(z) = -z**3 - 6*z**2 - 12*z - 31. Let s be c(-5). Suppose s*o - 7*o = -153. Calculate the remainder when 152 is divided by o.
50
Suppose -5*a - 7*y + 6*y = -309, 3*y = -a + 59. Suppose -a*p + 13154 = -176. Calculate the remainder when p is divided by 36.
35
Suppose 3*l + 34*p - 30*p = -7, 0 = -4*l - 5*p - 8. Let h = -48 - -73. What is the remainder when h is divided by (-2)/(l - 58/18)?
7
Suppose 5*w - 62 = -12. Suppose 13*q - 8*q = w. Calculate the remainder when 15 is divided by 4 + 0 + 2 + q.
7
Let f be -1*6*33/(-22). Suppose 0 = f*t - 3*t - 894. Suppose 2*u + 82 + 514 = 4*n, 5*u + t = n. What is the remainder when n is divided by 25?
24
Suppose 6351 + 2580 = 13*k. Let c = k + -675. Calculate the remainder when 83 is divided by c.
11
Suppose -99 = -h - 19. Calculate the remainder when (1 - 7)*(h/(-6) + 2) is divided by 37.
31
Let g be 4 - 0 - (8 - 6 - 80). Suppose -5*j + 2*i + 95 = -g, 0 = 2*j + 3*i - 86. What is the remainder when j is divided by 16?
5
Suppose 0 = 2*j + 4*d - 530, -2*j + 13*d = 14*d - 545. Calculate the remainder when 847 is divided by j.
22
Suppose 3 = 4*r - 25*o + 28*o, r = o - 8. What is the remainder when ((-22)/4)/(r/204) is divided by 76?
70
Let x be (64/(-5))/((-2)/20) + 0. Suppose 5*m - x = n, -6*m + 131 = -m - 2*n. What is the remainder when 88 is divided by m?
13
Suppose 459 = 3*o - 3*r, -24*r = o - 29*r - 141. What is the remainder when o is divided by 120?
36
Let f(x) = 6*x**2 - 9*x - x**2 - 4*x**2 + 12*x. What is the remainder when 4/6 + 49/3 is divided by f(2)?
7
Let b = 201 - 187. Suppose 0 = -5*c, b = 4*x - 5*c - 146. Calculate the remainder when 109 is divided by x.
29
Let v = 62 - -148. Suppose -v*r + 212*r = 558. Calculate the remainder when r is divided by 28.
27
Let y(a) = a**2 + 2*a - 8. Let i be y(-7). Suppose -11 = -2*w + i. Suppose -694 = -w*k - 29. Calculate the remainder when k is divided by 19.
16
Suppose -530 = -y - 527, 0 = -3*u - y + 9900. What is the remainder when u is divided by 110?
109
Let t = -8525 - -9022. Calculate the remainder when t is divided by 297.
200
Let g = -4505 + 4581. Suppose -5*k + 165 = -2*k. Suppose 2*u + 5*d - k = 0, 0*u - d - 17 = -u. Calculate the remainder when g is divided by u.
16
Suppose 0 = 5*x + 4*n - 25, -6*x + 46 = -2*x - 2*n. Suppose 173 + 61 = 3*h. Suppose x*w = 3*w + h. What is the remainder when 60 is divided by w?
8
Let b(a) = a**3 - 11*a**2 - 53*a - 23. What is the remainder when 25787 is divided by b(-3)?
7
Let y be ((-15)/(-12))/(0 - 2/(-72)). Let l(d) = 8*d - 347. Suppose i = -0*i + 64. Calculate the remainder when i is divided by l(y).
12
Let q = 453 - 257. Suppose q*s = 188*s + 200. Suppose -24 = 3*p - 246. What is the remainder when p is divided by s?
24
Suppose -163 = -2*s - 43. Let u = -646 + 764. Calculate the remainder when u is divided by s.
58
Suppose 46 = -2*n + 3*n. Suppose -i = u + 259, i = -2*u + 5*i - 530. Let a = -253 - u. What is the remainder when n is divided by a?
6
Let v(p) = p + 45. Let x(q) = 3*q - 46. Let g be x(7). Let h(i) = 5*i - 3. Calculate the remainder when v(g) is divided by h(3).
8
Calculate the remainder when 3552 is divided by (-8)/(-14) - ((-544)/28 - -5).
12
Let y = -8852 - -9449. Calculate the remainder when y is divided by 73.
13
Let b(g) = 28*g**3 + 5*g**2 - 4*g + 1. Let p be (3 + 1 + 2)/6. What is the remainder when 92 is divided by b(p)?
2
Let i(a) = 13*a - 13. Let g(b) = -b**2 - 4*b - 1. Let c be g(0). Calculate the remainder when i(5) is divided by (0 + c)/(2/(-36)).
16
Suppose 8*g + 5*i = 5*g + 19, -4*g = 4*i - 36. What is the remainder when 2091 is divided by g?
11
Suppose -6*k = -k - 15. What is the remainder when 6/8 - (-132)/16 is divided by 52/13*k/4?
0
Let c(f) = 10*f**2 - 41*f - 11. Let y be c(7). Let g = y - 153. What is the remainder when g is divided by (3 - 14/4)*-12?
3
Let h(g) = -5*g**2 + 13*g + 18. Let f(w) = 2*w**2 - 6*w - 9. Let b(l) = -7*f(l) - 3*h(l). Let s = 13 - 22. What is the remainder when b(s) is divided by 22?
19
Let n(w) = -3*w + 3*w**3 - 13*w**2 + 5 - 2*w**3 + 4*w**2. Let o be n(5). Let q = o + 127. Calculate the remainder when q is divided by 4.
1
Suppose 57*u - 52*u = -17*u + 3872. What is the remainder when 14604 is divided by u?
172
Let l = -238 + 135. Let p = -65 - l. Suppose -6*w + p = -202. What is the remainder when w is divided by 21?
19
Let k(s) = 3*s - 3. Let c = 2647 + -2625. Calculate the remainder when c is divided by k(5).
10
Suppose 8*z - 531 - 9765 = 0. Suppose -j = 10*j - z. Calculate the remainder when j is divided by 48.
21
Suppose -1163 = -22*p + 21*p. Let b = p + -478. What is the remainder when b is divided by 14?
13
Let f(r) be the third derivative of r**5/60 + r**4/24 + 7*r**3/3 - 33*r**2. Calculate the remainder when 35 is divided by f(0).
7
Suppose -2097 = -3*i + 1557. Let r = i + -285. Calculate the remainder when r is divided by 26.
23
Let v = 54 + -39. Calculate the remainder when (-7)/(-2) - 3/((-108)/14886) is divided by v.
12
Let s(r) = r**3 + 79*r**2 - 69*r + 1007. Let y(b) = -15*b - 4. Calculate the remainder when s(-80) is divided by y(-3).
4
Suppose -5*v + 53 = -3*x, x - 42 = -4*v + 3*x. Let i(u) = 5 - 11*u + u**2 + 7 + 8 - 1 + 3. Calculate the remainder when 31 is divided by i(v).
7
Let j(a) = a**2 - 12*a - 8. Calculate the remainder when j(14) is divided by ((-22)/(-16))/(3 + (-69)/24).
9
Let r be (2/8)/(4/16). Suppose 15*i = 11*i + 12. Suppose -i*w + 32 = -r. Calculate the remainder when w is divided by 6.
5
Calculate the remainder when 13648 is divided by 21483/713 - (-3)/(-23).
28
Suppose -j = -5*r + 5, -3*r + 49 = j + 3*j. Calculate the remainder when (7/3)/((-3)/(-63)) is divided by (-4)/2*5/j*-17.
15
Let b(s) = s**2 + 326*s + 2570. Calculate the remainder when 25193 is divided by b(-8).
25
Suppose 3*l + 0*l = 270. Let d(q) = q**2 - 98*q + 541. Let u be d(93). Let k = l - u. What is the remainder when 48 is divided by k?
6
Suppose -13*m = -78 + 13. Suppose 2*l + 540 = m*z, -z - 5*l + 100 = -7*l. What is the remainder when z is divided by 58?
52
Suppose 0 = -14*b - 308 + 672. What is the remainder when 18613 is divided by b?
23
Suppose 0 = -t - 2, -8*y + 10*y - 3*t = 0. Let h = -33 + -17. Let w = y - h. Calculate the remainder when 139 is divided by w.
45
Suppose 16*m - 6613 = 12811. What is the remainder when m is divided by 153?
143
Suppose 0 = -4*l - 47 - 29. Let b = -40 - l. What is the remainder when 82 is divided by b/((((-12)/(-3))/(-4))/1)?
19
Let k(a) be the first derivative of a**3 + a**2 - 5*a - 16. Let r be k(-3). Calculate the remainder when 99 is divided by (r/(-12))/(2/(-51)).
31
Suppose 8*f - 4*f - r - 116 = 0, 5*r = 3*f - 104. Suppose 3*i = -w + 291, 2*i + 6*w - 194 = 3*w. What is the remainder when i is divided by f?
13
Suppose -3*s - 3*b + 4761 = 0, 24 - 32 = -2*b. What is the remainder when s is divided by 16?
15
Suppose 6*r - 128 = 2*r - 2*l, -r - 3*l + 32 = 0. Let d = -15021 - -15178. What is the remainder when d is divided by r?
29
Suppose 12*t - 714 - 498 = 0. Let k = -95 + t. What is the remainder when 2/(-3) - 404/(-12) - -1 is divided by k?
4
Suppose -5*m - 6*y + 2931 = -5*y, 1194 = 2*m - 5*y. What is the remainder when m is divided by 77?
48
Suppose 4*t - 4*f = -524, 5 + 20 = -5*f. Let c = t - -75. Let v = -45 - c. What is the remainder when 77 is divided by v?
13
What is the remainder when 1565 is divided by (-23)/(460/16)*10/(-1)?
5
Let i(p) = 53*p - 5684. What is the remainder when 1554 is divided by i(117)?
3
What is the remainder when (2063 + 91)*((-4)/(-8) + 0) is divided by 10?
7
What is the remainder when 970 is divided by 1 + 928/56 - 24/(-56)?
16
Suppose 365*s - 4*h = 366*s - 93, -5*s = -2*h - 377. Calculate the remainder wh